ate the remainder when 2742198 is divided by 914062.
12
What is the remainder when 8889816 is divided by 8889802?
14
What is the remainder when 2679 is divided by 282?
141
Calculate the remainder when 1785516 is divided by 891706.
2104
What is the remainder when 15944267 is divided by 811?
7
What is the remainder when 1558996 is divided by 39?
10
Calculate the remainder when 610850 is divided by 5135.
4920
What is the remainder when 14989194 is divided by 346?
128
Calculate the remainder when 31942 is divided by 3505.
397
What is the remainder when 26886033 is divided by 1344300?
33
Calculate the remainder when 284073 is divided by 1189.
1091
Calculate the remainder when 3354486 is divided by 4257.
4227
What is the remainder when 215962 is divided by 68?
62
Calculate the remainder when 891569 is divided by 162.
83
What is the remainder when 987854 is divided by 987851?
3
Calculate the remainder when 99805 is divided by 836.
321
What is the remainder when 7550 is divided by 6915?
635
What is the remainder when 2223140 is divided by 555781?
16
What is the remainder when 41706582 is divided by 344?
22
Calculate the remainder when 60561710 is divided by 849.
842
Calculate the remainder when 19564 is divided by 6324.
592
What is the remainder when 25401577 is divided by 101?
77
What is the remainder when 5738 is divided by 2980?
2758
What is the remainder when 14191352 is divided by 1589?
1582
What is the remainder when 285217 is divided by 95071?
4
Calculate the remainder when 5652749 is divided by 328.
325
What is the remainder when 408264 is divided by 3319?
27
What is the remainder when 897746 is divided by 864?
50
Calculate the remainder when 6932587 is divided by 216.
67
Calculate the remainder when 86381 is divided by 2706.
2495
What is the remainder when 1937998 is divided by 3915?
73
What is the remainder when 17598 is divided by 5831?
105
What is the remainder when 21032 is divided by 6832?
536
What is the remainder when 3248426 is divided by 49?
20
What is the remainder when 62094745 is divided by 82?
81
What is the remainder when 4290390 is divided by 3397?
3376
What is the remainder when 3435568 is divided by 3149?
9
Calculate the remainder when 204476 is divided by 710.
706
Calculate the remainder when 1906890 is divided by 40.
10
Calculate the remainder when 4028279 is divided by 1313.
1308
Calculate the remainder when 12796256 is divided by 78.
44
What is the remainder when 2081450 is divided by 63?
56
Calculate the remainder when 145771661 is divided by 8.
5
What is the remainder when 956274 is divided by 700?
74
What is the remainder when 91538 is divided by 863?
60
What is the remainder when 106794 is divided by 790?
144
What is the remainder when 24442576 is divided by 2232?
2176
What is the remainder when 446281 is divided by 148423?
1012
Calculate the remainder when 32477 is divided by 507.
29
What is the remainder when 563365 is divided by 281639?
87
What is the remainder when 268172 is divided by 3484?
3388
What is the remainder when 153574961 is divided by 931?
925
What is the remainder when 471700052 is divided by 24?
20
What is the remainder when 1483318 is divided by 64?
54
What is the remainder when 3284013 is divided by 5314?
5275
Calculate the remainder when 173053 is divided by 172284.
769
What is the remainder when 11859 is divided by 1063?
166
Calculate the remainder when 19445 is divided by 1826.
1185
What is the remainder when 504982 is divided by 102?
82
Calculate the remainder when 8816897 is divided by 182.
89
Calculate the remainder when 188789 is divided by 12492.
1409
Calculate the remainder when 16761 is divided by 16206.
555
What is the remainder when 48338616 is divided by 1208465?
16
Calculate the remainder when 63102207 is divided by 6.
3
Calculate the remainder when 77724 is divided by 15413.
659
Calculate the remainder when 951452 is divided by 2734.
20
What is the remainder when 480382167 is divided by 266?
265
What is the remainder when 38333 is divided by 3622?
2113
What is the remainder when 91791 is divided by 91769?
22
Calculate the remainder when 1063745 is divided by 166.
17
What is the remainder when 8402997 is divided by 472?
453
What is the remainder when 604749 is divided by 30?
9
Calculate the remainder when 249547 is divided by 295.
272
Calculate the remainder when 216753764 is divided by 8251.
8245
Calculate the remainder when 16620813 is divided by 3324162.
3
What is the remainder when 105935 is divided by 152?
143
Calculate the remainder when 966894 is divided by 243.
240
Calculate the remainder when 8675999 is divided by 163697.
58
Calculate the remainder when 241895 is divided by 21985.
60
What is the remainder when 353724 is divided by 70394?
1754
Calculate the remainder when 479875 is divided by 1701.
193
Calculate the remainder when 2011847 is divided by 90.
77
Calculate the remainder when 471064 is divided by 7244.
204
What is the remainder when 3071789 is divided by 62?
61
Calculate the remainder when 16850740 is divided by 842536.
20
What is the remainder when 70919085 is divided by 159?
156
Calculate the remainder when 2136309 is divided by 2136287.
22
What is the remainder when 5308543 is divided by 40?
23
Calculate the remainder when 12433362 is divided by 45.
42
What is the remainder when 41279560 is divided by 3439963?
4
Calculate the remainder when 233224 is divided by 1052.
732
What is the remainder when 171574198 is divided by 2225?
2223
What is the remainder when 1020739 is divided by 1097?
529
What is the remainder when 597612 is divided by 57?
24
Calculate the remainder when 586272 is divided by 145923.
2580
What is the remainder when 437287 is divided by 1709?
1492
What is the remainder when 150841 is divided by 50249?
94
Calculate the remainder when 1278862 is divided by 26086.
648
What is the remainder when 481842886 is divided by 456?
454
What is the remainder when 1207782 is divided by 431?
120
What is the remainder when 6385807 is divided by 684?
667
What is the remainder when 1461479 is divided by 2784?
2663
Calculate the remainder when 143076 is divided by 1416.
60
What is the remainder when 2564039 is divided by 854655?
74
Calculate the remainder when 15435077 is divided by 16.
5
Calculate the remainder when 207031 is divided by 34344.
967
Calculate the remainder when 107018059 is divided by 1810.
1809
What is the remainder when 228901 is divided by 228820?
81
Calculate the remainder when 9273 is divided by 6747.
2526
Calculate the remainder when 2835898 is divided by 5055.
43
Calculate the remainder when 1101230 is divided by 7.
4
Calculate the remainder when 641055 is divided by 8110.
365
Calculate the remainder when 1747198 is divided by 873595.
8
Calculate the remainder when 965934 is divided by 45.
9
Calculate the remainder when 76204 is divided by 15205.
179
Calculate the remainder when 3599946 is divided by 38708.
102
What is the remainder when 129760 is divided by 1803?
1747
What is the remainder when 358138 is divided by 119375?
13
What is the remainder when 3418911 is divided by 3254?
2211
Calculate the remainder when 22155100 is divided by 634.
604
What is the remainder when 55916418 is divided by 149?
145
What is the remainder when 2053442 is divided by 576?
2
What is the remainder when 8637130 is divided by 2914?
34
Calculate the remainder when 200564 is divided by 2817.
557
Calculate the remainder when 991991 is divided by 495544.
903
What is the remainder when 1119244 is divided by 846?
832
What is the remainder when 14654910 is divided by 35?
25
Calculate the remainder when 2988815 is divided by 498132.
23
Calculate the remainder when 25162359 is divided by 2332.
79
Calculate the remainder when 122437208 is divided by 608.
600
What is the remainder when 8085731 is divided by 257?
254
What is the remainder when 28104440 is divided by 73959?
20
What is the remainder when 7135370 is divided by 373?
253
Calculate the remainder when 948854 is divided by 11860.
54
Calculate the remainder when 445704 is divided by 23438.
382
What is the remainder when 7981624 is divided by 1645?
84
What is the remainder when 76049735 is divided by 2616?
2615
What is the remainder when 4349978 is divided by 223?
140
Calculate the remainder when 102215 is divid